{"id":8,"date":"2022-01-02T19:38:09","date_gmt":"2022-01-02T19:38:09","guid":{"rendered":"http:\/\/noclegownia.opole.pl\/wordpress\/?page_id=8"},"modified":"2025-01-23T19:11:50","modified_gmt":"2025-01-23T19:11:50","slug":"contact","status":"publish","type":"page","link":"http:\/\/noclegownia.opole.pl\/index.php\/contact\/","title":{"rendered":"Kontakt"},"content":{"rendered":"\n<div style=\"height:45px\" aria-hidden=\"true\" class=\"wp-block-spacer\"><\/div>\n\n\n\n<div class=\"wp-block-media-text alignwide is-stacked-on-mobile\"><figure class=\"wp-block-media-text__media\"><a href=\"https:\/\/goo.gl\/maps\/rGaXYK7ghzKGA53W9\" target=\"_blank\" rel=\"noopener\"><img loading=\"lazy\" decoding=\"async\" width=\"1024\" height=\"878\" src=\"http:\/\/noclegownia.opole.pl\/wordpress\/wp-content\/uploads\/2022\/01\/mapy-1024x878.jpg\" alt=\"\" class=\"wp-image-129 size-full\" srcset=\"http:\/\/noclegownia.opole.pl\/wp-content\/uploads\/2022\/01\/mapy-1024x878.jpg 1024w, http:\/\/noclegownia.opole.pl\/wp-content\/uploads\/2022\/01\/mapy-scaled-600x514.jpg 600w, http:\/\/noclegownia.opole.pl\/wp-content\/uploads\/2022\/01\/mapy-300x257.jpg 300w, http:\/\/noclegownia.opole.pl\/wp-content\/uploads\/2022\/01\/mapy-768x659.jpg 768w, http:\/\/noclegownia.opole.pl\/wp-content\/uploads\/2022\/01\/mapy-1536x1317.jpg 1536w, http:\/\/noclegownia.opole.pl\/wp-content\/uploads\/2022\/01\/mapy-2048x1756.jpg 2048w\" sizes=\"auto, (max-width: 1024px) 100vw, 1024px\" \/><\/a><\/figure><div class=\"wp-block-media-text__content\">\n<p class=\"has-text-align-center has-regular-font-size\"><strong>Miejski O\u015brodek Pomocy Osobom Bezdomnym i Uzale\u017cnionym w Opolu<br>&nbsp;&nbsp;&nbsp;&nbsp; ul. Popie\u0142uszki 18<br>&nbsp;&nbsp;&nbsp;&nbsp; 45 &#8211; 601 Opole<\/strong><\/p>\n\n\n\n<p class=\"has-text-align-center has-regular-font-size\"><strong>Czynne ca\u0142\u0105 dob\u0119<\/strong><\/p>\n<\/div><\/div>\n\n\n\n<div style=\"height:50px\" aria-hidden=\"true\" class=\"wp-block-spacer\"><\/div>\n\n\n\n<p class=\"has-text-align-center\"><strong>DOJAZD KOMUNIKACJ\u0104 MIEJSK\u0104<br><br>Przystanek Damrota linie 8,12,14 wysi\u0105\u015b\u0107 przystanek Popie\u0142uszki &#8211; Ko\u015bci\u00f3\u0142 w kierunku Metalchemu<\/strong><\/p>\n\n\n\n<div style=\"height:50px\" aria-hidden=\"true\" class=\"wp-block-spacer\"><\/div>\n\n\n\n<p><strong>Dyrektor O\u015brodka<\/strong><br><a href=\"mailto:dyrektor@noclegownia.opole.pl\">dyrektor@noclegownia.opole.pl<\/a><br>tel. 077 456 27 76&nbsp;<\/p>\n\n\n\n<hr class=\"wp-block-separator has-alpha-channel-opacity is-style-wide\"\/>\n\n\n\n<p><strong>Referent ds. admin.- finansowych<\/strong><br>tel. 077 456 27 76<\/p>\n\n\n\n<hr class=\"wp-block-separator has-alpha-channel-opacity is-style-wide\"\/>\n\n\n\n<p><strong>Inspektor Ochrony Danych w MOPOBiU w Opolu \u2013 Ryszard Lasik<\/strong><\/p>\n\n\n\n<p><a href=\"mailto:iod@cuw.opole.pl\" target=\"_blank\" rel=\"noreferrer noopener\">iod@cuw.opole.pl<\/a><\/p>\n\n\n\n<p>&nbsp;<strong>tel.: 77 44 61 103<\/strong><\/p>\n\n\n\n<hr class=\"wp-block-separator has-alpha-channel-opacity is-style-wide\"\/>\n\n\n\n<p><strong>Pracownik socjalny<\/strong><br>tel. 077 453 51 61<\/p>\n\n\n\n<hr class=\"wp-block-separator has-alpha-channel-opacity is-style-wide\"\/>\n\n\n\n<p><strong>Kierownik administracyjno-gospodarczy<\/strong><br>tel. 077 456 27 76<\/p>\n\n\n\n<hr class=\"wp-block-separator has-alpha-channel-opacity is-style-wide\"\/>\n\n\n\n<p><strong>Starszy terapeuta&nbsp;<\/strong><br><strong>Terapeuta<\/strong><br>tel. 077 453 51 61<\/p>\n\n\n\n<p><a href=\"mailto:mopobiu.profilaktyka@o2.pl\">mopobiu.profilaktyka@o2.pl<\/a><\/p>\n\n\n\n<hr class=\"wp-block-separator has-alpha-channel-opacity is-style-wide\"\/>\n\n\n\n<div class=\"wp-block-media-text is-stacked-on-mobile\" style=\"grid-template-columns:36% auto\"><figure class=\"wp-block-media-text__media\"><img loading=\"lazy\" decoding=\"async\" width=\"1024\" height=\"601\" src=\"https:\/\/noclegownia.opole.pl\/wordpress\/wp-content\/uploads\/2025\/01\/e-doreczenia-ikona.png-1024x601.webp\" alt=\"\" class=\"wp-image-422 size-full\" srcset=\"http:\/\/noclegownia.opole.pl\/wp-content\/uploads\/2025\/01\/e-doreczenia-ikona.png-1024x601.webp 1024w, http:\/\/noclegownia.opole.pl\/wp-content\/uploads\/2025\/01\/e-doreczenia-ikona.png-300x176.webp 300w, http:\/\/noclegownia.opole.pl\/wp-content\/uploads\/2025\/01\/e-doreczenia-ikona.png-768x451.webp 768w, http:\/\/noclegownia.opole.pl\/wp-content\/uploads\/2025\/01\/e-doreczenia-ikona.png-1536x902.webp 1536w, http:\/\/noclegownia.opole.pl\/wp-content\/uploads\/2025\/01\/e-doreczenia-ikona.png.webp 2000w\" sizes=\"auto, (max-width: 1024px) 100vw, 1024px\" \/><\/figure><div class=\"wp-block-media-text__content\">\n<p>Adres do e dor\u0119cze\u0144 MOPOBiU w Opolu:<\/p>\n\n\n\n<p class=\"has-text-align-left has-regular-font-size\">AE:PL-28302-20293-AHDAG-23<\/p>\n<\/div><\/div>\n\n\n\n<div style=\"height:55px\" aria-hidden=\"true\" class=\"wp-block-spacer\"><\/div>\n","protected":false},"excerpt":{"rendered":"<p>Miejski O\u015brodek Pomocy Osobom Bezdomnym i Uzale\u017cnionym w Opolu&nbsp;&nbsp;&nbsp;&nbsp; ul. Popie\u0142uszki 18&nbsp;&nbsp;&nbsp;&nbsp; 45 &#8211; 601 Opole Czynne ca\u0142\u0105 dob\u0119 DOJAZD KOMUNIKACJ\u0104 MIEJSK\u0104 Przystanek Damrota linie 8,12,14 wysi\u0105\u015b\u0107 przystanek Popie\u0142uszki &#8211; Ko\u015bci\u00f3\u0142 w kierunku Metalchemu Dyrektor O\u015brodkadyrektor@noclegownia.opole.pltel. 077 456 27 76&nbsp; Referent ds. admin.- finansowychtel. 077 [&hellip;]<\/p>\n","protected":false},"author":1,"featured_media":0,"parent":0,"menu_order":0,"comment_status":"closed","ping_status":"closed","template":"","meta":{"footnotes":""},"class_list":["post-8","page","type-page","status-publish","hentry"],"_links":{"self":[{"href":"http:\/\/noclegownia.opole.pl\/index.php\/wp-json\/wp\/v2\/pages\/8","targetHints":{"allow":["GET"]}}],"collection":[{"href":"http:\/\/noclegownia.opole.pl\/index.php\/wp-json\/wp\/v2\/pages"}],"about":[{"href":"http:\/\/noclegownia.opole.pl\/index.php\/wp-json\/wp\/v2\/types\/page"}],"author":[{"embeddable":true,"href":"http:\/\/noclegownia.opole.pl\/index.php\/wp-json\/wp\/v2\/users\/1"}],"replies":[{"embeddable":true,"href":"http:\/\/noclegownia.opole.pl\/index.php\/wp-json\/wp\/v2\/comments?post=8"}],"version-history":[{"count":14,"href":"http:\/\/noclegownia.opole.pl\/index.php\/wp-json\/wp\/v2\/pages\/8\/revisions"}],"predecessor-version":[{"id":423,"href":"http:\/\/noclegownia.opole.pl\/index.php\/wp-json\/wp\/v2\/pages\/8\/revisions\/423"}],"wp:attachment":[{"href":"http:\/\/noclegownia.opole.pl\/index.php\/wp-json\/wp\/v2\/media?parent=8"}],"curies":[{"name":"wp","href":"https:\/\/api.w.org\/{rel}","templated":true}]}}