{"id":13,"date":"2022-01-02T19:38:09","date_gmt":"2022-01-02T19:38:09","guid":{"rendered":"http:\/\/noclegownia.opole.pl\/wordpress\/?page_id=13"},"modified":"2022-01-02T21:42:09","modified_gmt":"2022-01-02T21:42:09","slug":"centrum-pomocy","status":"publish","type":"page","link":"http:\/\/noclegownia.opole.pl\/index.php\/centrum-pomocy\/","title":{"rendered":"Centrum pomocy"},"content":{"rendered":"\n<div style=\"height:40px\" aria-hidden=\"true\" class=\"wp-block-spacer\"><\/div>\n\n\n\n<div class=\"wp-block-image\"><figure class=\"aligncenter size-large\"><img loading=\"lazy\" decoding=\"async\" width=\"1024\" height=\"115\" src=\"http:\/\/noclegownia.opole.pl\/wordpress\/wp-content\/uploads\/2022\/01\/centrumpomocy-1024x115.jpg\" alt=\"\" class=\"wp-image-114\" srcset=\"http:\/\/noclegownia.opole.pl\/wp-content\/uploads\/2022\/01\/centrumpomocy-1024x115.jpg 1024w, http:\/\/noclegownia.opole.pl\/wp-content\/uploads\/2022\/01\/centrumpomocy-600x68.jpg 600w, http:\/\/noclegownia.opole.pl\/wp-content\/uploads\/2022\/01\/centrumpomocy-300x34.jpg 300w, http:\/\/noclegownia.opole.pl\/wp-content\/uploads\/2022\/01\/centrumpomocy-768x87.jpg 768w, http:\/\/noclegownia.opole.pl\/wp-content\/uploads\/2022\/01\/centrumpomocy-1536x173.jpg 1536w, http:\/\/noclegownia.opole.pl\/wp-content\/uploads\/2022\/01\/centrumpomocy.jpg 1596w\" sizes=\"auto, (max-width: 1024px) 100vw, 1024px\" \/><\/figure><\/div>\n\n\n\n<p>Projekt pt.\u00a0<strong>\u201eCentrum Pomocy\u201d &#8211; wsparcie os\u00f3b niesamodzielnych oraz\u00a0opiekun\u00f3w faktycznych w Opolu<\/strong>\u00a0 realizowany b\u0119dzie w ramach Osi\u00a0priorytetowej VIII &#8211;\u00a0<em>Integracja spo\u0142eczna\u00a0<\/em>RPO WO 2014-2020 z dzia\u0142ania\u00a0<em>dz. 8.1 Dost\u0119p do wysokiej jako\u015bci us\u0142ug zdrowotnych i spo\u0142ecznych &#8211;\u00a0wsparcie dla os\u00f3b niesamodzielnych<\/em>\u00a0w ramach Regionalnego Programu\u00a0Operacyjnego Wojew\u00f3dztwa Opolskiego na lata 2014-2020.G\u0142\u00f3wnym celem projektu jest rozw\u00f3j\u00a0<strong>us\u0142ug opieku\u0144czych i\u00a0specjalistycznych us\u0142ug opieku\u0144czych<\/strong>\u00a0dla os\u00f3b niesamodzielnych z\u00a0miasta Opola oraz podejmowanie dzia\u0142a\u0144 wspieraj\u0105cych opiekun\u00f3w\u00a0faktycznych w opiece nad osobami niesamodzielnymi. W realizacj\u0119\u00a0projektu ze strony Miasta Opola zaanga\u017cowani b\u0119d\u0105 4 Realizatorzy:<\/p>\n\n\n\n<p><strong>1. Miejski O\u015brodek Pomocy Rodziniew Opolu (MOPR)<\/strong><\/p>\n\n\n\n<p><strong>2. Miejski O\u015brodek Pomocy Osobom Bezdomnym i Uzale\u017cnionym w\u00a0Opolu (MOPOBiU)<\/strong><\/p>\n\n\n\n<p><strong>3. \u015arodowiskowy Dom Samopomocy dla Os\u00f3b z Zaburzeniami\u00a0Psychicznymi \u201eMAGNOLIA\u201d<\/strong><\/p>\n\n\n\n<p><strong>4. Miejski Zarz\u0105d Lokali Komunalnych w Opolu<\/strong><\/p>\n\n\n\n<p>Uczestnikami projektu b\u0119d\u0105\u00a0<strong>osoby zagro\u017cone ub\u00f3stwem lub\u00a0wykluczeniem spo\u0142ecznym<\/strong>, w tym osoby korzystaj\u0105ce ze \u015bwiadcze\u0144\u00a0pomocy spo\u0142ecznej zgodnie z ustaw\u0105 z dnia 12 marca 2004 r. o pomocy\u00a0spo\u0142ecznej lub kwalifikuj\u0105ce si\u0119 do obj\u0119cia wsparciem przez pomoc\u00a0spo\u0142eczn\u0105, osoby z niepe\u0142nosprawno\u015bci\u0105, osoby bezdomne, osoby\u00a0niepe\u0142nosprawne. W ramach projektu realizowane\u00a0 b\u0119d\u0105 dwa rodzaje\u00a0us\u0142ug:\u00a0<strong>us\u0142ugi opieku\u0144cze w plac\u00f3wce i w miejscu zamieszkania oraz\u00a0specjalistyczne us\u0142ugi opieku\u0144cze w miejscu zamieszkania<\/strong>. Us\u0142ugami\u00a0projektu zostanie obj\u0119tych \u0142\u0105cznie\u00a0<strong>150 os\u00f3b niesamodzielnych<\/strong>\u00a0(50 os\u00f3b u\u00a0ka\u017cdego z Realizator\u00f3w).<\/p>\n\n\n\n<p><strong>Zakres us\u0142ug opieku\u0144czych<\/strong>\u00a0b\u0119dzie obejmowa\u0107 pomoc\u00a0<strong>w zaspokajaniu\u00a0codziennych potrzeb \u017cyciowych<\/strong>\u00a0(m.in. czynno\u015bci zwi\u0105zane z\u00a0dostarczaniem produkt\u00f3w \u017cywno\u015bciowych, przygotowaniem lub\u00a0dostarczaniem posi\u0142k\u00f3w, pomoc w spo\u017cywaniu posi\u0142k\u00f3w lub karmienie,\u00a0czynno\u015bci zwi\u0105zane z prowadzeniem gospodarstwa domowego,\u00a0dokonywanie niezb\u0119dnych zakup\u00f3w oraz regulowanie op\u0142at domowych,\u00a0czynno\u015bci dot. zagospodarowania w aktywny spos\u00f3b czasu wolnego,\u00a0opiek\u0119 higieniczn\u0105 (m.in. czynno\u015bci zwi\u0105zane z utrzymaniem higieny\u00a0osobistej, pomoc przy ubieraniu si\u0119 itp.), piel\u0119gnacj\u0119 zlecon\u0105 przez\u00a0lekarza i\/lub zapewnienie kontakt\u00f3w z otoczeniem. Us\u0142ugami\u00a0opieku\u0144czymi zostanie obj\u0119tych\u00a0<strong>100 os\u00f3b.<\/strong><\/p>\n\n\n\n<p><strong>Us\u0142ugi opieku\u0144cze specjalistyczne<\/strong>\u00a0adresowane do\u00a0<strong>50 os\u00f3b\u00a0niesamodzielnych<\/strong>\u00a0zrekrutowanych przez \u015aDS \u201eMagnolia\u201d g\u0142\u00f3wnie\u00a0dotycz\u0105 os\u00f3b starszych, niepe\u0142nosprawnych intelektualnie z\u00a0zaburzeniami psychicznymi, os\u00f3b przewlekle psychicznie chorych, z\u00a0r\u00f3\u017cnymi postaciami ot\u0119pienia, demencj\u0105 starcz\u0105, chorob\u0105 Alzheimera.\u00a0Us\u0142ugi b\u0119d\u0105 mia\u0142y na celu uczenie i rozwijanie umiej\u0119tno\u015bci niezb\u0119dnych\u00a0do samodzielnego funkcjonowania, jak: kszta\u0142towanie umiej\u0119tno\u015bci\u00a0zaspokajania podstawowych potrzeb \u017cyciowych i umiej\u0119tno\u015bci\u00a0spo\u0142ecznego funkcjonowania, motywowanie do aktywno\u015bci,\u00a0prowadzenie trening\u00f3w, udzia\u0142 w terapiach muzycznych, plastycznych,\u00a0ukierunkowanych g\u0142\u00f3wnie na rehabilitacj\u0119 pami\u0119ci, orientacji czy funkcji\u00a0j\u0119zykowych.<\/p>\n\n\n\n<p>Wsparciem projektu zostanie obj\u0119tych r\u00f3wnie\u017c\u00a0<strong>50 opiekun\u00f3w\u00a0faktycznych<\/strong>\u00a0opiekuj\u0105cych si\u0119 osobami niesamodzielnymi\u00a0przebywaj\u0105cymi na co dzie\u0144 w \u015aDS \u201eMagnolia\u201d. W tym zakresie\u00a0zaplanowano organizacj\u0119 16 wyjazdowych warsztat\u00f3w szkoleniowych.\u00a0Wyjazdowe warsztaty b\u0119d\u0105 odbywa\u0107 si\u0119 w weekendy, w trakcie nich\u00a0opiekunowie faktyczni b\u0119d\u0105 uczestniczy\u0107 w zaj\u0119ciach prowadzonych\u00a0przez do\u015bwiadczonych trener\u00f3w (specjalist\u00f3w psychologii, psychiatrii,\u00a0terapeut\u00f3w). Uzupe\u0142nieniem wsparcia dla opiekun\u00f3w faktycznych\u00a0b\u0119dzie udzia\u0142 tych os\u00f3b w poradnictwie psychologicznym w celu\u00a0podniesienia jako\u015bci opieki nad osobami niesamodzielnymi.<\/p>\n\n\n\n<p>W obszarze wsparcia MOPOBiU zostanie utworzonych\u00a0<strong>25 miejsc us\u0142ug\u00a0spo\u0142ecznych dostosowanych do przebywania w plac\u00f3wce os\u00f3b\u00a0bezdomnych (niesamodzielnych)<\/strong>, kt\u00f3re jednocze\u015bnie s\u0105 osobami z\u00a0niepe\u0142nosprawno\u015bciami. Nowe miejsca zostan\u0105 wyposa\u017cone w meble\u00a0(\u0142\u00f3\u017cka, szafki) dostosowane do os\u00f3b z niepe\u0142nosprawno\u015bciami. W\u00a0ramach projektu zostanie dodatkowo wykonany remont \u0142azienek w\u00a0MOPOBiU oraz utworzony i w pe\u0142ni wyposa\u017cony gabinet rehabilitacyjny\u00a0w celu realizacji us\u0142ug zdrowotnych, zwi\u0119kszaj\u0105cych szanse na mobilno\u015b\u0107\u00a0i samodzielne funkcjonowanie w spo\u0142eczno\u015bci lokalnej.\u00a0<\/p>\n\n\n\n<p>W zwi\u0105zku z potrzeb\u0105 dodatkowego wsparcia os\u00f3b niesamodzielnych\u00a0oraz mieszka\u0144c\u00f3w miasta w wyniku trwaj\u0105cej epidemii koronawirusa, by\u00a0pozosta\u0142y w domu i w ten spos\u00f3b nie by\u0142y nara\u017cone na ryzyko zaka\u017cenia\u00a0zaplanowano w ramach projektu dzia\u0142ania (dzi\u0119ki dodatkowym \u015brodkom\u00a0uzyskanym na rzecz dzia\u0142a\u0144 przeciwdzia\u0142aj\u0105cych skutkom epidemii Sars\u00a0COV-2 realizowanym w ramach projektu). W tym zakresie\u00a0zorganizowano\/zakupiono m.in:- paczki z dowozem do domu osoby starszej\/samotnej\/niesamodzielnej;\u00a0&#8211; pomoc psychologiczn\u0105 (przez p\u00f3\u0142 roku w formie ca\u0142odobowych dy\u017cur\u00f3w\u00a0telefonicznych);- pomoc w postaci przygotowania ciep\u0142ych posi\u0142k\u00f3w i transportu na\u00a0dow\u00f3z dla os\u00f3b bezdomnych;- \u015brodki odka\u017caj\u0105ce i dezynfekuj\u0105ce, \u015brodki ochrony osobistej\u00a0 wraz z\u00a0us\u0142ug\u0105 dezynfekcji pomieszcze\u0144;Na potrzeby przeprowadzania szerokiej i szybkiej diagnostyki w zakresie\u00a0m.in wykrywania wirusa SARS-CoV-2 zakupiono analizatory s\u0142u\u017c\u0105ce\u00a0r\u00f3wnie\u017c do diagnostyki infekcji dolnych i g\u00f3rnych dr\u00f3g oddechowych,\u00a0zaka\u017ce\u0144 o\u015brodkowego uk\u0142adu nerwowego, zaka\u017ce\u0144 krwi i infekcji uk\u0142adu\u00a0pokarmowego wraz z zakupem test\u00f3w do diagnostyki koronowirusa.\u00a0Zakupione zosta\u0142y r\u00f3wnie\u017c 2 respiratory dla os\u00f3b zara\u017conych wirusem\u00a0wymagaj\u0105cych wsparcia ze strony aparatury medycznej.\u00a0W zwi\u0105zku z tworzeniem nowego szpitala tymczasowego przy CWK w\u00a0Opolu aktualnie piln\u0105 potrzeb\u0105 sta\u0142o si\u0119 zapewnienie zaplecza\u00a0mieszkalnego dla os\u00f3b zaanga\u017cowanych w przeciwdzia\u0142anie COVID-19\u00a0(m.in. personel szpitala) oraz os\u00f3b do\u015bwiadczaj\u0105cych skutk\u00f3w choroby\u00a0Covid-19. W tym celu zostan\u0105 zakupione kontenery mieszkalne wraz z\u00a0wyposa\u017ceniem oraz wykonaniem niezb\u0119dnych prac budowlanych.<\/p>\n\n\n\n<p><strong>Okres realizacji projektu<\/strong>: 07.2018 r. &#8211; 10.2022 r.<\/p>\n\n\n\n<p><strong>Fundusz<\/strong>: Europejski Fundusz Spo\u0142eczny<\/p>\n\n\n\n<p><strong>Wnioskodawca<\/strong>: Miasto\u00a0 Opole<\/p>\n\n\n\n<p><strong>Ca\u0142kowite koszty projektu<\/strong>: 12 268 154,58 z\u0142<\/p>\n\n\n\n<p><strong>Wnioskowana kwota wsparcia<\/strong>: 11 593 406,07 z\u0142 (94,50%)<\/p>\n","protected":false},"excerpt":{"rendered":"<p>Projekt pt.\u00a0\u201eCentrum Pomocy\u201d &#8211; wsparcie os\u00f3b niesamodzielnych oraz\u00a0opiekun\u00f3w faktycznych w Opolu\u00a0 realizowany b\u0119dzie w ramach Osi\u00a0priorytetowej VIII &#8211;\u00a0Integracja spo\u0142eczna\u00a0RPO WO 2014-2020 z dzia\u0142ania\u00a0dz. 8.1 Dost\u0119p do wysokiej jako\u015bci us\u0142ug zdrowotnych i spo\u0142ecznych &#8211;\u00a0wsparcie dla os\u00f3b niesamodzielnych\u00a0w ramach Regionalnego Programu\u00a0Operacyjnego Wojew\u00f3dztwa Opolskiego na lata 2014-2020.G\u0142\u00f3wnym celem [&hellip;]<\/p>\n","protected":false},"author":1,"featured_media":0,"parent":0,"menu_order":0,"comment_status":"closed","ping_status":"closed","template":"","meta":{"footnotes":""},"class_list":["post-13","page","type-page","status-publish","hentry"],"_links":{"self":[{"href":"http:\/\/noclegownia.opole.pl\/index.php\/wp-json\/wp\/v2\/pages\/13","targetHints":{"allow":["GET"]}}],"collection":[{"href":"http:\/\/noclegownia.opole.pl\/index.php\/wp-json\/wp\/v2\/pages"}],"about":[{"href":"http:\/\/noclegownia.opole.pl\/index.php\/wp-json\/wp\/v2\/types\/page"}],"author":[{"embeddable":true,"href":"http:\/\/noclegownia.opole.pl\/index.php\/wp-json\/wp\/v2\/users\/1"}],"replies":[{"embeddable":true,"href":"http:\/\/noclegownia.opole.pl\/index.php\/wp-json\/wp\/v2\/comments?post=13"}],"version-history":[{"count":2,"href":"http:\/\/noclegownia.opole.pl\/index.php\/wp-json\/wp\/v2\/pages\/13\/revisions"}],"predecessor-version":[{"id":116,"href":"http:\/\/noclegownia.opole.pl\/index.php\/wp-json\/wp\/v2\/pages\/13\/revisions\/116"}],"wp:attachment":[{"href":"http:\/\/noclegownia.opole.pl\/index.php\/wp-json\/wp\/v2\/media?parent=13"}],"curies":[{"name":"wp","href":"https:\/\/api.w.org\/{rel}","templated":true}]}}